5*h**2 - 6*h - 5. Let q be l(6). Give b(q).
-5
Let i(h) = 2*h**2 + 2*h + 3. Let z = -86 + 87. Suppose -z - 2 = 4*t + 5*o, 0 = -5*t + o - 11. Determine i(t).
7
Suppose 0 = q + 4*q - 4*b - 73, -4*q - 2*b = -48. Suppose n - 2*r = -r + 5, 0 = 2*n + r - q. Suppose 7 = h + n*h. Let g(v) = 11*v**2 + 1. Determine g(h).
12
Let q(l) = -5*l**3 + 22*l**2 - 17*l + 3. Let k(x) = -2*x**3 + 8*x**2 - 6*x + 1. Let u(y) = -11*k(y) + 4*q(y). Give u(-2).
-11
Let d(m) = -9*m**2 + 1. Suppose -2*v - 36 = -6*v. Suppose -5*j = -v*j - 8. Let f = j + 1. Determine d(f).
-8
Let j(t) = -t**2 - 4*t + 7. Suppose -2 = -2*s + 2*u, s + u = -0*s + 3. Let p be 2*(1 + s) - 2. Suppose 0 = 4*z - 0*z + p*a, -2*z - 5 = a. Determine j(z).
2
Let u(s) = 2*s**2 - 4*s. Let j(a) = -a - 8. Let k be 264/(-18) - 2/(-3). Let y be j(k). Suppose 3*p = -5*o + y, -2*p - 3 = -3*o - 4*p. Calculate u(o).
6
Let u(i) = 45*i - 105. Let w(h) = 8*h - 21. Let z(v) = 2*u(v) - 11*w(v). What is z(-9)?
3
Let p(k) = -k**2 + 68*k + 454. Let i be p(-6). Let c(y) = 2*y - 8. Determine c(i).
12
Let f(t) = -7*t - 1. Suppose 5*m + j = 10, 5 + 12 = 2*m + 3*j. Calculate f(m).
-8
Let a(p) = 20*p - 165. Let u be a(8). Let j(w) = 3*w**2 + 4*w**2 - 2 - 6*w**2 + 4*w. Give j(u).
3
Let u(r) be the first derivative of -r**3/3 + 13*r**2/2 + 2*r + 256. What is u(6)?
44
Suppose 0 = -4*o + 9*o - 20. Suppose -5*b = 2*x + 22, -o*b - 17 = -b + 5*x. Let q = -1 + b. Let r(u) = -u**3 - 5*u**2 + 2*u + 1. Determine r(q).
-9
Let u(z) = z**3 - 16*z**2 - z + 11. Let p be u(16). Let t(o) = -6*o - 28. Let s be t(p). Let f(g) = g**2 + 3*g - 3. Give f(s).
7
Suppose 0 = 2*y - q + 4, 22*q = y + 18*q + 9. Let l(k) = 16*k + 2. What is l(y)?
-14
Let s(k) = k**2 + 4*k - 2. Let r be s(1). Let w(u) = -5*u**3 + 4*u**r - 192*u - 6*u**2 + 193*u - 5. Let p(q) = -q**2 - 6*q - 6. Let y be p(-6). Give w(y).
-11
Suppose -9 = f - 2*z, 2*z + 3*z - 15 = 0. Let g(p) be the first derivative of 3*p + 3/2*p**2 + 3. Give g(f).
-6
Let z(m) be the second derivative of 1/20*m**5 + 19*m + 7/6*m**3 + 0 - 3*m**2 - 1/2*m**4. Give z(5).
4
Let i(a) = 6*a**2 + 42*a + 3. Let r be i(-7). Suppose 0*z + 4*g - 12 = 4*z, -31 = 5*z + r*g. Let t(j) = -j**2 - 3*j + 7. Determine t(z).
-3
Let l(a) = -5*a + 3 + a**3 - a**2 - 8*a + 21*a - 9*a. What is l(2)?
5
Let k be 18/(-63) - (32/28)/(-4). Let b(f) be the second derivative of f**5/20 - 2*f**2 - 2*f. Determine b(k).
-4
Suppose r + 362 - 363 = 0. Let b(d) be the first derivative of 3/2*d**2 + r + 1/4*d**4 + 2*d**3 + 7*d. Give b(-5).
17
Let t(z) be the third derivative of -5/6*z**3 + 1/4*z**4 + 0*z + 9*z**2 + 0. Let a(h) = -3*h**3 + 1. Let p be a(-1). Determine t(p).
19
Let q(j) = -j**2 + 9*j - 7. Suppose -y + 2 - 18 = 2*i, -4*y = -3*i - 2. Let x be (28/i)/((-3)/(54/12)). Calculate q(x).
7
Let s(i) = -7*i - 1. Suppose -116 + 114 = -2*d. What is s(d)?
-8
Let p(r) = -7*r. Let d be (-5 - (-7)/(-1)) + 10. What is p(d)?
14
Let i(n) = -n**2 + 2. Let t be (4/(-14) + 720/70)*1. Suppose -t*v = -3*v + 14. Determine i(v).
-2
Let k(q) = q**2 + q + 1. Let b(o) = -4*o**2 + 6*o + 6. Let m(d) = -b(d) - 5*k(d). Calculate m(-8).
13
Suppose 2*a - 6 = -2*v, 4*v - 11 = -a + 1. Let q(z) = 4*z + 2. Let i be q(4). Let y(h) = 33*h - i*h + 4 - 16*h. What is y(v)?
1
Let z(i) = -5*i**3 + 2*i**2 - 8*i + 5. Let c(g) = -g**3 - g**2 - g. Let n(j) = -4*c(j) + z(j). Calculate n(4).
21
Let v(q) be the third derivative of q**6/180 + q**5/20 - 5*q**4/8 - 5*q**2. Let a(z) be the second derivative of v(z). Give a(-5).
-14
Let k(u) = u - 1. Let s(t) = -t**3 + 8*t**2 + 8*t + 6. Suppose -19 + 6 = 4*n + 3*x, -3*n - 2*x = 9. Let y be (9/4)/(n/(-4)). Let f be s(y). Give k(f).
-4
Let g(i) be the third derivative of -1/120*i**6 + 0 + 0*i - 1/2*i**3 - 1/6*i**4 - 1/15*i**5 + 7*i**2. Let c = 6 - 8. Calculate g(c).
-3
Suppose o - 3 = -0, -3 = 2*t - 3*o. Suppose 5*m - 44 = -2*f + 2, -t*f + 25 = 2*m. Let h(z) = z**2 - 9*z + 10. Calculate h(m).
2
Let g(s) = -2*s**2 - 20*s - 11. Let k be g(-9). Let y(o) = -o**3 + 8*o**2 - 6*o - 10. Determine y(k).
-3
Let l = 3 + 0. Let k(m) = -4*m**2 - 5*m - 2. Let d(x) = 3*x**2 + 5*x + 1. Let b(s) = -5*d(s) - 4*k(s). Determine b(l).
-3
Let x = -91 + 87. Let a be (-500)/80 - 1/x. Let j(r) = -r**3 - 6*r**2. Determine j(a).
0
Let b(t) be the second derivative of t**4/12 + 7*t**3/6 - 3*t**2/2 - 66*t. Give b(-5).
-13
Let u = -1488 + 1482. Let m(k) = 5*k + 29. Determine m(u).
-1
Let u = -44 - -46. Let n(q) = 2*q + 11*q**u - 9*q**2 - 1 + 0. Let l be (7 - 2)*(-2)/5. Give n(l).
3
Let s(c) = 2*c**2 + 3*c - 3. Let x(r) = -30*r - 126. Let n(j) = 6*j + 25. Let l(u) = 21*n(u) + 4*x(u). Let o be l(-4). Determine s(o).
6
Let n = -16 - -21. Let b(c) = c**3 - 6*c**2 + 5*c + 4. Let q be b(n). Suppose -16 + q = -3*z. Let k(u) = -u**2 + 4*u + 3. Give k(z).
3
Suppose 4*k + d = -1 + 2, 5*d = -k + 24. Let v be (1/(-1) + 1)/k. Let c(i) = 7*i + 1. Let n(u) = -3*u - 1. Let r(j) = -4*c(j) - 9*n(j). What is r(v)?
5
Let t(c) = -2*c**2 + 6*c + 5. Let u(y) = -1 - 30*y**2 + 7 + 27*y**2 + 7*y. Let q(b) = 6*t(b) - 5*u(b). Give q(-1).
2
Let v(i) = -i**3 + 8*i**2 - 6*i - 10. Let q(r) = r**2 + 23*r - 9. Let w be q(-24). Suppose k - 2*o - 5 = 0, -w = -2*k - 3*o + 2*o. Determine v(k).
-3
Let l(x) be the third derivative of -x**6/120 + x**5/5 - 5*x**4/12 - x**3/6 - 77*x**2 + 2*x. Give l(11).
10
Let y(x) = 32*x + 4 - 43*x + 12*x. Let t = -5 - -2. Let h be y(t). Let q(i) = -i**2. What is q(h)?
-1
Let z(v) = v**3 - v**2 + v - 1. Let d(t) = -4*t**3 - 3*t**2 + t + 5. Let g(w) = d(w) + 5*z(w). Determine g(7).
-7
Let u(p) = 8*p**2 - 2*p + 7. Let r(i) = -7*i**2 + 2*i - 6. Let n(x) = 4*r(x) + 3*u(x). What is n(2)?
-15
Suppose -3*x - 2 = 2*k, 3 = 3*x - k + 2. Let y(u) = 2*u**3 + u + 1 + x*u**3 + 7*u**3. What is y(-1)?
-9
Let a(o) be the second derivative of -o**5/20 + 5*o**4/12 + o**3 - 13*o**2 + 161*o. Calculate a(5).
4
Let u = 75 - 56. Suppose 4*s - u = -3. Let h(k) = -6 - k + 1 + 3*k. Give h(s).
3
Let f(u) be the second derivative of -u**4/12 + u**3/2 + 2*u**2 + 75*u. Determine f(3).
4
Let c(b) = -b**3 - 5*b**2 - 6. Suppose r - 8 = -3*r. Suppose -17*f - 2 = -18*f. Suppose 8 = -r*d - f. Give c(d).
-6
Let b(c) be the third derivative of -5*c**4/24 - 5*c**3/6 + 2*c**2 - 67*c. Let o(j) = j**2 - 9*j - 16. Let y be o(10). Calculate b(y).
25
Let w be (-105)/24 + (-165)/(-440). Let f(t) = -t**3 + t. Let r(g) = 5*g**3 - 3*g**2 - 5*g. Let c(h) = 6*f(h) + r(h). Determine c(w).
12
Let s = 413 - 411. Let u(o) = -4*o**2 + 9*o. What is u(s)?
2
Let f(a) = 16 + 7*a - 4*a + 6*a - 11. Determine f(5).
50
Let b(g) = g - 12. Let o be (-6 - -16) + -12 - 2/(-1). Give b(o).
-12
Let o(h) = -2*h**3 + h**2 - 4. Let f be 0 - -3 - 0/(-8). Let n(c) = -c**3 - c**2. Let y(r) = f*n(r) - o(r). What is y(-3)?
-5
Let k(n) = -10*n**2 - 271*n - 30. Let l be k(-27). Let s(o) = 3*o + 5. What is s(l)?
-4
Let h(g) = 7 - 6 + 0*g - 3 - 2*g + 3*g. Determine h(-6).
-8
Let o(j) = 23*j + 99. Let w(b) = 16*b + 67. Let d(n) = 7*o(n) - 10*w(n). Give d(-18).
5
Let r = 5 - 2. Suppose -19 = -r*k + 4*x, -3*x - 22 = -2*k + 2*x. Let u(w) = 4*w - 20*w + 8*w. Calculate u(k).
-8
Let l(z) be the first derivative of -6 - 1/2*z**2 + 4*z. What is l(5)?
-1
Let g(y) = -y**3 - 7*y**2 + 4. Let s be ((-4)/1)/(2/3 + 0). Determine g(s).
-32
Let g(p) = -p + 9. Suppose 9*r + 132 = 3*r. Let m(k) = -k**2 - 20*k + 52. Let l be m(r). What is g(l)?
1
Let a(u) = -u**2 + u - 1. Let r(v) = -10*v**2 - 3*v - 4. Let m(q) = 6*a(q) - r(q). Let d(s) = 9*s**2 + 19*s - 5. Let l(w) = 2*d(w) - 5*m(w). What is l(-5)?
-15
Let b(n) = 7*n - 70. Let u be b(11). Let f(s) = s**3 + 11*s**2 - 13*s - 16. Let d(g) = g**3 + 10*g**2 - 12*g - 14. Let o(l) = u*d(l) - 6*f(l). Determine o(-5).
3
Let d(o) be the second derivative of 7*o**3/6 - 9*o**2/2 - o - 222. What is d(-5)?
-44
Let j be 1/(4/66)*2. Suppose -93 = 4*y - j. Let d(a) = a**3 + 14*a**2 - 14*a + 21. Let p be d(y). Let c(m) = m**2 - 6*m - 6. Determine c(p).
-6
Let h = -283 - -187. Let p be 4/18 - h/54. Let f(y) = 3*y**2 - 2*y**2 + 1 - 4*y**2 + 2*y. What is f(p)?
-7
Let w(i) = 2*i + 1. Let l(d) = 5*d - 4. Let v(f) = -4*f + 3. Let c(h) = 5*l(h) + 6*v(h). Let x be c(9). Suppose -4*u - 4 = 0, -2*u = -5*q - x*u + 20. Give w(q).
11
Let k(m) be the second derivative of m**5/20 + 7*m**4/12 + 2*m**3 + 5*m**2/2 - 4*m + 12. Determine k(-6).
-31
Let o(t) = -t**2 